{"id":1050,"date":"2024-02-23T11:28:23","date_gmt":"2024-02-23T10:28:23","guid":{"rendered":"https:\/\/evolutiontransport.eu\/szczecin-berlin-lotnisko\/"},"modified":"2025-03-14T15:02:55","modified_gmt":"2025-03-14T14:02:55","slug":"flughafentransfer","status":"publish","type":"page","link":"https:\/\/evolutiontransport.eu\/de\/flughafentransfer\/","title":{"rendered":"Flughafentransfer"},"content":{"rendered":"\n<div class=\"wp-block-columns alignfull lr_gradient is-layout-flex wp-container-core-columns-is-layout-4d82f1e5 wp-block-columns-is-layout-flex\" style=\"margin-top:0px;margin-bottom:0px;padding-top:25px;padding-bottom:25px\">\n<div class=\"wp-block-column is-layout-flow wp-block-column-is-layout-flow\">\n<h1 class=\"wp-block-heading has-text-align-center has-background-color has-text-color has-link-color wp-elements-27a17f70355aac625854622ad0ee7081\">angebot<\/h1>\n<\/div>\n<\/div>\n\n\n\n<div class=\"wp-block-columns mcont is-layout-flex wp-container-core-columns-is-layout-d0b3c9c8 wp-block-columns-is-layout-flex\">\n<div class=\"wp-block-column is-layout-flow wp-block-column-is-layout-flow\">\n<h2 class=\"wp-block-heading has-text-align-center hline hline_centered\">Flughafentransfer<\/h2>\n\n\n\n<h4 class=\"wp-block-heading has-text-align-center\">BEFEHL:\u00a0<a style=\"color:orange\" href=\"tel:+48506786501\">+48 506 786 501<\/a><\/h4>\n<\/div>\n<\/div>\n\n\n\n<div class=\"wp-block-columns mcont is-layout-flex wp-container-core-columns-is-layout-d0b3c9c8 wp-block-columns-is-layout-flex\">\n<div class=\"wp-block-column is-layout-flow wp-block-column-is-layout-flow\">\n<figure class=\"wp-block-image size-full border_img\"><img loading=\"lazy\" decoding=\"async\" width=\"720\" height=\"720\" src=\"https:\/\/evolutiontransport.eu\/wp-content\/uploads\/2024\/03\/przewozy-indywidualne-szczecin-berlin.jpeg\" alt=\"przewozy indywidualne szczecin berlin\" class=\"wp-image-318\" srcset=\"https:\/\/evolutiontransport.eu\/wp-content\/uploads\/2024\/03\/przewozy-indywidualne-szczecin-berlin.jpeg 720w, https:\/\/evolutiontransport.eu\/wp-content\/uploads\/2024\/03\/przewozy-indywidualne-szczecin-berlin-300x300.jpeg 300w, https:\/\/evolutiontransport.eu\/wp-content\/uploads\/2024\/03\/przewozy-indywidualne-szczecin-berlin-150x150.jpeg 150w\" sizes=\"auto, (max-width: 720px) 100vw, 720px\" \/><\/figure>\n<\/div>\n\n\n\n<div class=\"wp-block-column is-layout-flow wp-block-column-is-layout-flow\">\n<ul class=\"wp-block-list plus_lista\">\n<li>Wir freuen uns, Ihnen individuelle Transfers von Stettin zum Flughafen Berlin anzubieten, die Komfort, Flexibilit\u00e4t und h\u00f6chsten Servicestandard gew\u00e4hrleisten. Unser Service ist die ideale L\u00f6sung f\u00fcr alle, die stressfreies und bequemes Reisen sch\u00e4tzen, ohne sich um Details k\u00fcmmern zu m\u00fcssen. Wir verstehen, wie wichtig P\u00fcnktlichkeit und Zuverl\u00e4ssigkeit bei Flugreisen sind, und haben unseren Service so gestaltet, dass er auch die h\u00f6chsten Anforderungen erf\u00fcllt.<\/li>\n\n\n\n<li>Unsere Flotte besteht aus modernen und komfortabel ausgestatteten Fahrzeugen, die eine angenehme Reise unter allen Bedingungen garantieren. Regelm\u00e4\u00dfig gewartet und gr\u00fcndlich gereinigt, stehen unsere Autos f\u00fcr Sauberkeit und Komfort. Die Professionalit\u00e4t unserer Fahrer, ihre Erfahrung und ihre Kenntnis der Strecke Stettin-Berlin gew\u00e4hrleisten nicht nur eine sichere, sondern auch eine reibungslose Fahrt ohne unn\u00f6tige Verz\u00f6gerungen.<\/li>\n\n\n\n<li>Wir sorgen daf\u00fcr, dass unser Service vollst\u00e4ndig auf die individuellen Bed\u00fcrfnisse jedes Kunden abgestimmt ist. Egal, ob Sie einen Transport mitten in der Nacht oder fr\u00fch am Morgen ben\u00f6tigen, wir stehen Ihnen zur Verf\u00fcgung. Unser Fahrer bringt Sie direkt zum gew\u00fcnschten Terminal und sorgt so f\u00fcr Ihre Ruhe und Zeitersparnis.<\/li>\n\n\n\n<li>Mit der Wahl unseres Angebots entscheiden Sie sich f\u00fcr einen personalisierten Transportservice, der darauf ausgelegt ist, den h\u00f6chsten Grad an Zufriedenheit und Reisekomfort zu gew\u00e4hrleisten. Kontaktieren Sie uns, um mehr zu erfahren oder Ihren Transfer noch heute zu buchen. Wir freuen uns darauf, Ihre Reise zum Flughafen Berlin zu erleichtern und Professionalit\u00e4t zu bieten, die all Ihre Erwartungen erf\u00fcllt.<\/li>\n<\/ul>\n<\/div>\n<\/div>\n\n\n\n<div class=\"wp-block-columns alignfull is-layout-flex wp-container-core-columns-is-layout-d0b3c9c8 wp-block-columns-is-layout-flex\">\n<div class=\"wp-block-column is-layout-flow wp-block-column-is-layout-flow\">\n<div class=\"wp-block-cover\"><span aria-hidden=\"true\" class=\"wp-block-cover__background has-background-dim-0 has-background-dim\"><\/span><img loading=\"lazy\" decoding=\"async\" width=\"1920\" height=\"576\" sizes=\"auto, (max-width: 799px) 200vw, (max-width: 1920px) 100vw, 1920px\" class=\"wp-block-cover__image-background wp-image-21\" alt=\"\" src=\"https:\/\/evolutiontransport.eu\/wp-content\/uploads\/2024\/02\/baner.jpg\" data-object-fit=\"cover\" srcset=\"https:\/\/evolutiontransport.eu\/wp-content\/uploads\/2024\/02\/baner.jpg 1920w, https:\/\/evolutiontransport.eu\/wp-content\/uploads\/2024\/02\/baner-300x90.jpg 300w, https:\/\/evolutiontransport.eu\/wp-content\/uploads\/2024\/02\/baner-1024x307.jpg 1024w, https:\/\/evolutiontransport.eu\/wp-content\/uploads\/2024\/02\/baner-768x230.jpg 768w, https:\/\/evolutiontransport.eu\/wp-content\/uploads\/2024\/02\/baner-1536x461.jpg 1536w\" \/><div class=\"wp-block-cover__inner-container is-layout-constrained wp-block-cover-is-layout-constrained\">\n<div class=\"wp-block-columns mcont is-layout-flex wp-container-core-columns-is-layout-d0b3c9c8 wp-block-columns-is-layout-flex\">\n<div class=\"wp-block-column is-layout-flow wp-block-column-is-layout-flow\" style=\"--col-width:100%;padding-top:30px;padding-right:30px;padding-bottom:30px;padding-left:30px;flex-basis:100%\">\n<h2 class=\"wp-block-heading has-text-align-center has-background-color has-text-color has-link-color wp-elements-ea23e81560f1f83ecfed85e043d569ca\" style=\"text-transform:uppercase\">WIR SIND F\u00dcR SIE DA<\/h2>\n\n\n\n<p class=\"has-text-align-center\">Wir bieten nicht nur Standarddienste wie Flughafentransfers, Hochzeiten und Konferenzen an.<br>Wir fahren Sie dorthin, wo immer Sie m\u00f6chten.<\/p>\n\n\n\n<h2 class=\"wp-block-heading has-text-align-center\" style=\"text-transform:uppercase\">RUFEN SIE UNS AN! <a style=\"color:white\" href=\"tel:+48506786501\">+48 506 786 501<\/a><\/h2>\n<\/div>\n<\/div>\n<\/div><\/div>\n<\/div>\n<\/div>\n\n\n\n<div class=\"wp-block-columns alignfull is-layout-flex wp-container-core-columns-is-layout-31ec6744 wp-block-columns-is-layout-flex\" style=\"margin-top:0px;padding-top:3%;padding-bottom:3%\">\n<div class=\"wp-block-column has-background-background-color has-background is-layout-flow wp-block-column-is-layout-flow\" style=\"padding-bottom:40px\">\n<div class=\"wp-block-columns mcont is-layout-flex wp-container-core-columns-is-layout-80fc138b wp-block-columns-is-layout-flex\" style=\"margin-top:0px\">\n<div class=\"wp-block-column is-layout-flow wp-block-column-is-layout-flow\">\n<h2 class=\"wp-block-heading has-text-align-center\" style=\"margin-top:0px\">Unsere Standards<\/h2>\n<\/div>\n<\/div>\n\n\n\n<div class=\"wp-block-columns mcont is-layout-flex wp-container-core-columns-is-layout-d0b3c9c8 wp-block-columns-is-layout-flex\">\n<div class=\"wp-block-column is-layout-flow wp-block-column-is-layout-flow\">\n<p class=\"has-text-align-left hline \"><strong>Kindersitze<\/strong><\/p>\n\n\n\n<p>Unsere Fahrzeuge sind mit ISOFIX-Halterungen ausgestattet. Auf Wunsch helfen unsere Fahrer beim Anbringen eines Kindersitzes.<\/p>\n<\/div>\n\n\n\n<div class=\"wp-block-column is-layout-flow wp-block-column-is-layout-flow\">\n<p class=\"has-text-align-left hline \"><strong>Kartenzahlung<\/strong><\/p>\n\n\n\n<p>In unseren Fahrzeugen in Polen k\u00f6nnen Sie per Karte bezahlen oder Handy-Guthaben aufladen. F\u00fcr Unternehmen bieten wir bargeldlose Transaktionen an.<\/p>\n<\/div>\n\n\n\n<div class=\"wp-block-column is-layout-flow wp-block-column-is-layout-flow\">\n<p class=\"has-text-align-left hline \"><strong>Transport von Fahrr\u00e4dern und Skiern<\/strong><\/p>\n\n\n\n<p>Fahrzeuge mit Platz f\u00fcr 7 Passagiere + Fahrer sind mit Dachgep\u00e4cktr\u00e4gern ausgestattet, auf denen Fahrr\u00e4der oder Skier f\u00fcr einen aktiven Urlaub in den Bergen transportiert werden k\u00f6nnen.<\/p>\n<\/div>\n\n\n\n<div class=\"wp-block-column is-layout-flow wp-block-column-is-layout-flow\">\n<p class=\"has-text-align-left hline \"><strong>Anh\u00e4ngerkupplung<\/strong><\/p>\n\n\n\n<p>Unsere Busse sind mit Anh\u00e4ngerkupplungen ausgestattet. Auf Anfrage und gegen eine zus\u00e4tzliche Geb\u00fchr k\u00f6nnen wir einen Anh\u00e4nger f\u00fcr sperriges Gep\u00e4ck anbringen.<\/p>\n<\/div>\n<\/div>\n<\/div>\n<\/div>\n","protected":false},"excerpt":{"rendered":"<p>angebot Flughafentransfer BEFEHL:\u00a0+48 506 786 501<\/p>\n","protected":false},"author":1,"featured_media":0,"parent":0,"menu_order":0,"comment_status":"closed","ping_status":"closed","template":"","meta":{"inline_featured_image":false,"footnotes":""},"class_list":["post-1050","page","type-page","status-publish","hentry"],"_links":{"self":[{"href":"https:\/\/evolutiontransport.eu\/de\/wp-json\/wp\/v2\/pages\/1050","targetHints":{"allow":["GET"]}}],"collection":[{"href":"https:\/\/evolutiontransport.eu\/de\/wp-json\/wp\/v2\/pages"}],"about":[{"href":"https:\/\/evolutiontransport.eu\/de\/wp-json\/wp\/v2\/types\/page"}],"author":[{"embeddable":true,"href":"https:\/\/evolutiontransport.eu\/de\/wp-json\/wp\/v2\/users\/1"}],"replies":[{"embeddable":true,"href":"https:\/\/evolutiontransport.eu\/de\/wp-json\/wp\/v2\/comments?post=1050"}],"version-history":[{"count":1,"href":"https:\/\/evolutiontransport.eu\/de\/wp-json\/wp\/v2\/pages\/1050\/revisions"}],"predecessor-version":[{"id":1056,"href":"https:\/\/evolutiontransport.eu\/de\/wp-json\/wp\/v2\/pages\/1050\/revisions\/1056"}],"wp:attachment":[{"href":"https:\/\/evolutiontransport.eu\/de\/wp-json\/wp\/v2\/media?parent=1050"}],"curies":[{"name":"wp","href":"https:\/\/api.w.org\/{rel}","templated":true}]}}

<div class="wp-block-columns alignfull lr_gradient is-layout-flex wp-container-core-columns-is-layout-4d82f1e5 wp-block-columns-is-layout-flex" style="margin-top:0px;margin-bottom:0px;padding-top:25px;padding-bottom:25px">
<div class="wp-block-column is-layout-flow wp-block-column-is-layout-flow">
<h1 class="wp-block-heading has-text-align-center has-background-color has-text-color has-link-color wp-elements-27a17f70355aac625854622ad0ee7081">angebot</h1>
</div>
</div>



<div class="wp-block-columns mcont is-layout-flex wp-container-core-columns-is-layout-d0b3c9c8 wp-block-columns-is-layout-flex">
<div class="wp-block-column is-layout-flow wp-block-column-is-layout-flow">
<h2 class="wp-block-heading has-text-align-center hline hline_centered">Flughafentransfer</h2>



<h4 class="wp-block-heading has-text-align-center">BEFEHL: <a style="color:orange" href="tel:+48506786501">+48 506 786 501</a></h4>
</div>
</div>



<div class="wp-block-columns mcont is-layout-flex wp-container-core-columns-is-layout-d0b3c9c8 wp-block-columns-is-layout-flex">
<div class="wp-block-column is-layout-flow wp-block-column-is-layout-flow">
<figure class="wp-block-image size-full border_img"><img loading="lazy" decoding="async" width="720" height="720" src="https://evolutiontransport.eu/wp-content/uploads/2024/03/przewozy-indywidualne-szczecin-berlin.jpeg" alt="przewozy indywidualne szczecin berlin" class="wp-image-318" srcset="https://evolutiontransport.eu/wp-content/uploads/2024/03/przewozy-indywidualne-szczecin-berlin.jpeg 720w, https://evolutiontransport.eu/wp-content/uploads/2024/03/przewozy-indywidualne-szczecin-berlin-300x300.jpeg 300w, https://evolutiontransport.eu/wp-content/uploads/2024/03/przewozy-indywidualne-szczecin-berlin-150x150.jpeg 150w" sizes="auto, (max-width: 720px) 100vw, 720px" /></figure>
</div>



<div class="wp-block-column is-layout-flow wp-block-column-is-layout-flow">
<ul class="wp-block-list plus_lista">
<li>Wir freuen uns, Ihnen individuelle Transfers von Stettin zum Flughafen Berlin anzubieten, die Komfort, Flexibilität und höchsten Servicestandard gewährleisten. Unser Service ist die ideale Lösung für alle, die stressfreies und bequemes Reisen schätzen, ohne sich um Details kümmern zu müssen. Wir verstehen, wie wichtig Pünktlichkeit und Zuverlässigkeit bei Flugreisen sind, und haben unseren Service so gestaltet, dass er auch die höchsten Anforderungen erfüllt.</li>



<li>Unsere Flotte besteht aus modernen und komfortabel ausgestatteten Fahrzeugen, die eine angenehme Reise unter allen Bedingungen garantieren. Regelmäßig gewartet und gründlich gereinigt, stehen unsere Autos für Sauberkeit und Komfort. Die Professionalität unserer Fahrer, ihre Erfahrung und ihre Kenntnis der Strecke Stettin-Berlin gewährleisten nicht nur eine sichere, sondern auch eine reibungslose Fahrt ohne unnötige Verzögerungen.</li>



<li>Wir sorgen dafür, dass unser Service vollständig auf die individuellen Bedürfnisse jedes Kunden abgestimmt ist. Egal, ob Sie einen Transport mitten in der Nacht oder früh am Morgen benötigen, wir stehen Ihnen zur Verfügung. Unser Fahrer bringt Sie direkt zum gewünschten Terminal und sorgt so für Ihre Ruhe und Zeitersparnis.</li>



<li>Mit der Wahl unseres Angebots entscheiden Sie sich für einen personalisierten Transportservice, der darauf ausgelegt ist, den höchsten Grad an Zufriedenheit und Reisekomfort zu gewährleisten. Kontaktieren Sie uns, um mehr zu erfahren oder Ihren Transfer noch heute zu buchen. Wir freuen uns darauf, Ihre Reise zum Flughafen Berlin zu erleichtern und Professionalität zu bieten, die all Ihre Erwartungen erfüllt.</li>
</ul>
</div>
</div>



<div class="wp-block-columns alignfull is-layout-flex wp-container-core-columns-is-layout-d0b3c9c8 wp-block-columns-is-layout-flex">
<div class="wp-block-column is-layout-flow wp-block-column-is-layout-flow">
<div class="wp-block-cover"><span aria-hidden="true" class="wp-block-cover__background has-background-dim-0 has-background-dim"></span><img loading="lazy" decoding="async" width="1920" height="576" sizes="auto, (max-width: 799px) 200vw, (max-width: 1920px) 100vw, 1920px" class="wp-block-cover__image-background wp-image-21" alt="" src="https://evolutiontransport.eu/wp-content/uploads/2024/02/baner.jpg" data-object-fit="cover" srcset="https://evolutiontransport.eu/wp-content/uploads/2024/02/baner.jpg 1920w, https://evolutiontransport.eu/wp-content/uploads/2024/02/baner-300x90.jpg 300w, https://evolutiontransport.eu/wp-content/uploads/2024/02/baner-1024x307.jpg 1024w, https://evolutiontransport.eu/wp-content/uploads/2024/02/baner-768x230.jpg 768w, https://evolutiontransport.eu/wp-content/uploads/2024/02/baner-1536x461.jpg 1536w" /><div class="wp-block-cover__inner-container is-layout-constrained wp-block-cover-is-layout-constrained">
<div class="wp-block-columns mcont is-layout-flex wp-container-core-columns-is-layout-d0b3c9c8 wp-block-columns-is-layout-flex">
<div class="wp-block-column is-layout-flow wp-block-column-is-layout-flow" style="--col-width:100%;padding-top:30px;padding-right:30px;padding-bottom:30px;padding-left:30px;flex-basis:100%">
<h2 class="wp-block-heading has-text-align-center has-background-color has-text-color has-link-color wp-elements-ea23e81560f1f83ecfed85e043d569ca" style="text-transform:uppercase">WIR SIND FÜR SIE DA</h2>



<p class="has-text-align-center">Wir bieten nicht nur Standarddienste wie Flughafentransfers, Hochzeiten und Konferenzen an.<br>Wir fahren Sie dorthin, wo immer Sie möchten.</p>



<h2 class="wp-block-heading has-text-align-center" style="text-transform:uppercase">RUFEN SIE UNS AN! <a style="color:white" href="tel:+48506786501">+48 506 786 501</a></h2>
</div>
</div>
</div></div>
</div>
</div>



<div class="wp-block-columns alignfull is-layout-flex wp-container-core-columns-is-layout-31ec6744 wp-block-columns-is-layout-flex" style="margin-top:0px;padding-top:3%;padding-bottom:3%">
<div class="wp-block-column has-background-background-color has-background is-layout-flow wp-block-column-is-layout-flow" style="padding-bottom:40px">
<div class="wp-block-columns mcont is-layout-flex wp-container-core-columns-is-layout-80fc138b wp-block-columns-is-layout-flex" style="margin-top:0px">
<div class="wp-block-column is-layout-flow wp-block-column-is-layout-flow">
<h2 class="wp-block-heading has-text-align-center" style="margin-top:0px">Unsere Standards</h2>
</div>
</div>



<div class="wp-block-columns mcont is-layout-flex wp-container-core-columns-is-layout-d0b3c9c8 wp-block-columns-is-layout-flex">
<div class="wp-block-column is-layout-flow wp-block-column-is-layout-flow">
<p class="has-text-align-left hline "><strong>Kindersitze</strong></p>



<p>Unsere Fahrzeuge sind mit ISOFIX-Halterungen ausgestattet. Auf Wunsch helfen unsere Fahrer beim Anbringen eines Kindersitzes.</p>
</div>



<div class="wp-block-column is-layout-flow wp-block-column-is-layout-flow">
<p class="has-text-align-left hline "><strong>Kartenzahlung</strong></p>



<p>In unseren Fahrzeugen in Polen können Sie per Karte bezahlen oder Handy-Guthaben aufladen. Für Unternehmen bieten wir bargeldlose Transaktionen an.</p>
</div>



<div class="wp-block-column is-layout-flow wp-block-column-is-layout-flow">
<p class="has-text-align-left hline "><strong>Transport von Fahrrädern und Skiern</strong></p>



<p>Fahrzeuge mit Platz für 7 Passagiere + Fahrer sind mit Dachgepäckträgern ausgestattet, auf denen Fahrräder oder Skier für einen aktiven Urlaub in den Bergen transportiert werden können.</p>
</div>



<div class="wp-block-column is-layout-flow wp-block-column-is-layout-flow">
<p class="has-text-align-left hline "><strong>Anhängerkupplung</strong></p>



<p>Unsere Busse sind mit Anhängerkupplungen ausgestattet. Auf Anfrage und gegen eine zusätzliche Gebühr können wir einen Anhänger für sperriges Gepäck anbringen.</p>
</div>
</div>
</div>
</div>
